75959 and 7146.
397
What is the highest common divisor of 40 and 154256?
8
Calculate the greatest common factor of 29022 and 6.
6
What is the highest common factor of 11764 and 3298?
34
What is the greatest common divisor of 5433208 and 696?
232
What is the highest common factor of 560 and 613000?
40
What is the highest common divisor of 4 and 67316?
4
What is the highest common factor of 264 and 15697?
11
Calculate the greatest common factor of 30810 and 375.
15
Calculate the highest common factor of 656 and 92.
4
What is the greatest common factor of 2652 and 372?
12
Calculate the highest common divisor of 81233 and 4.
1
What is the greatest common divisor of 5 and 1657?
1
What is the highest common factor of 70 and 69990?
10
Calculate the highest common factor of 22064 and 5264.
112
Calculate the greatest common factor of 740450 and 1180.
590
Calculate the highest common factor of 56447 and 52844.
1201
What is the greatest common factor of 278 and 73531?
139
What is the highest common divisor of 8884 and 2612?
4
Calculate the highest common divisor of 202 and 386.
2
Calculate the greatest common factor of 574 and 29722.
14
Calculate the greatest common divisor of 12 and 2337608.
4
What is the highest common divisor of 404111 and 57?
19
What is the highest common factor of 743913 and 45?
9
What is the greatest common factor of 106051 and 341?
341
What is the greatest common factor of 2356 and 60884?
124
Calculate the highest common factor of 81 and 55701.
27
Calculate the highest common divisor of 284778 and 936.
234
Calculate the greatest common factor of 8 and 13304.
8
What is the greatest common divisor of 4004 and 95018?
154
What is the greatest common factor of 1160 and 30490?
10
What is the greatest common factor of 372 and 63054?
186
Calculate the highest common divisor of 604160 and 8496.
944
Calculate the highest common divisor of 770707 and 161.
161
Calculate the greatest common factor of 234378 and 348.
174
What is the greatest common divisor of 1248 and 9568?
416
Calculate the greatest common divisor of 60822 and 10028.
218
Calculate the highest common divisor of 35992 and 88.
88
What is the highest common factor of 176653 and 241?
241
Calculate the greatest common factor of 42347 and 23171.
799
What is the highest common divisor of 2176 and 576?
64
What is the highest common divisor of 97412 and 36358?
686
Calculate the highest common factor of 115 and 268939.
23
What is the highest common factor of 2420 and 1130?
10
What is the greatest common divisor of 2808 and 1128?
24
What is the highest common factor of 596280 and 520?
40
Calculate the greatest common divisor of 495662 and 470.
94
What is the greatest common factor of 38010 and 5973?
543
What is the highest common factor of 119 and 14722?
17
What is the greatest common factor of 1677 and 65532?
129
Calculate the greatest common factor of 2779 and 14689.
397
Calculate the highest common divisor of 16629 and 736.
23
Calculate the greatest common divisor of 15 and 440745.
15
What is the highest common factor of 10642 and 8?
2
What is the highest common factor of 7942 and 194218?
722
What is the greatest common factor of 27634 and 574?
82
Calculate the greatest common divisor of 3287 and 23528.
173
What is the greatest common factor of 18 and 4501512?
18
Calculate the highest common factor of 524 and 175409.
131
What is the greatest common divisor of 20412 and 10269?
63
What is the greatest common factor of 74544 and 48?
48
What is the highest common divisor of 152 and 104500?
76
Calculate the highest common factor of 6105 and 783882.
1221
What is the highest common divisor of 72 and 126216?
72
What is the greatest common divisor of 63108 and 432?
36
What is the greatest common divisor of 264 and 300?
12
Calculate the greatest common divisor of 20 and 1491460.
20
Calculate the highest common factor of 10459164 and 12.
12
Calculate the highest common factor of 47 and 1299785.
47
What is the greatest common factor of 440248 and 7305?
487
What is the greatest common divisor of 940 and 105045?
235
Calculate the highest common divisor of 576099 and 27.
27
What is the greatest common divisor of 140 and 33530?
70
Calculate the highest common factor of 6039 and 41679.
99
Calculate the greatest common factor of 890258 and 2158.
166
Calculate the highest common factor of 12272 and 19396.
52
What is the highest common divisor of 18603 and 31239?
351
What is the greatest common divisor of 1365 and 31980?
195
What is the greatest common factor of 6396 and 481?
13
What is the highest common divisor of 40776 and 488?
8
What is the greatest common factor of 11324 and 380?
76
Calculate the highest common divisor of 1450 and 416266.
58
What is the highest common divisor of 40 and 3311240?
40
What is the highest common factor of 1215 and 254421?
243
What is the greatest common divisor of 2456 and 14122?
614
Calculate the highest common factor of 456 and 617880.
456
Calculate the highest common divisor of 163925 and 830.
415
Calculate the highest common divisor of 4557 and 504651.
147
Calculate the greatest common divisor of 102456 and 54.
18
What is the highest common divisor of 279576 and 2816?
88
What is the highest common factor of 223538 and 1862?
98
Calculate the highest common divisor of 144 and 80424.
72
Calculate the greatest common factor of 1564 and 2944.
92
Calculate the greatest common factor of 10628 and 4.
4
What is the highest common divisor of 11063 and 192257?
299
What is the greatest common factor of 1008 and 32760?
504
What is the greatest common factor of 164 and 14186?
82
What is the greatest common factor of 482 and 8292?
2
Calculate the highest common factor of 2212 and 198527.
553
Calculate the highest common divisor of 32574 and 1281.
183
Calculate the highest common divisor of 33 and 419309.
11
What is the greatest common divisor of 6157 and 376?
47
Calculate the highest common divisor of 12803 and 93.
31
Calculate the greatest common divisor of 184086 and 42.
42
What is the greatest common divisor of 656 and 37556?
164
What is the highest common factor of 298659 and 226?
113
What is the highest common factor of 1473 and 15?
3
Calculate the greatest common divisor of 1477269 and 636.
159
Calculate the greatest common factor of 40685 and 206.
103
Calculate the greatest common factor of 1792011 and 169.
13
What is the highest common factor of 71 and 571763?
71
What is the highest common factor of 72190 and 250?
10
Calculate the highest common divisor of 69 and 353418.
69
Calculate the greatest common divisor of 87 and 37209.
3
What is the greatest common divisor of 16299 and 2646?
9
What is the highest common factor of 352 and 1358192?
176
Calculate the highest common factor of 1542494 and 388.
194
What is the highest common factor of 4505 and 833?
17
What is the highest common divisor of 230920 and 230?
230
What is the highest common divisor of 190715 and 21?
7
What is the greatest common divisor of 768 and 696?
24
What is the highest common factor of 6665 and 1395?
155
What is the greatest common factor of 208 and 273832?
104
What is the greatest common divisor of 140 and 12637870?
70
What is the greatest common factor of 2407 and 581?
83
What is the highest common divisor of 288 and 1033632?
288
Calculate the greatest common factor of 8866 and 80509.
143
What is the highest common divisor of 15004 and 2543860?
1364
Calculate the greatest common divisor of 163 and 2143613.
163
Calculate the greatest common factor of 516 and 1956.
12
Calculate the highest common divisor of 112 and 102312.
56
Calculate the greatest common divisor of 15507 and 369.
9
Calculate the greatest common factor of 121 and 200497.
121
Calculate the highest common factor of 265 and 283285.
265
What is the highest common factor of 48 and 53928?
24
What is the greatest common divisor of 427 and 8015?
7
What is the highest common factor of 1201456 and 48?
16
What is the greatest common divisor of 1 and 73351?
1
What is the greatest common divisor of 4 and 428292?
4
What is the highest common factor of 75 and 298950?
75
What is the greatest common divisor of 3 and 5953?
1
What is the greatest common factor of 975 and 21216?
39
What is the highest common factor of 60 and 216140?
20
Calculate the hig